{"id":934,"date":"2020-06-16T11:28:45","date_gmt":"2020-06-16T09:28:45","guid":{"rendered":"https:\/\/www.comup-agency.fr\/nddl\/?page_id=934"},"modified":"2021-01-12T20:34:34","modified_gmt":"2021-01-12T19:34:34","slug":"college","status":"publish","type":"page","link":"https:\/\/www.notre-dame-de-livoye.fr\/index.php\/college\/","title":{"rendered":"<span>Coll\u00e8ge<\/span>"},"content":{"rendered":"\n<p>Notre Dame de Livoye ne disposant pas d&#8217;\u00e9tablissement scolaire, vous trouverez ci-dessous, la liste des \u00e9tablissements les plus proches de votre commune<\/p>\n\n\n\n<figure class=\"wp-block-table is-style-stripes\"><table><tbody><tr><td>Liste des coll\u00e8ges pr\u00e8s de Notre-Dame-de-Livoye<\/td><\/tr><tr><td>Coll\u00e8ge Pierre Aguiton \u00e0 Br\u00e9cey <strong><span class=\"has-inline-color has-vivid-cyan-blue-color\">[~ 4.3 km]<\/span><\/strong><br>Coll\u00e8ge Saint-Joseph \u00e0 Villedieu-les-Po\u00eales <span class=\"has-inline-color has-vivid-cyan-blue-color\"><strong>[~ 13.8 km<\/strong>]<\/span><br>Coll\u00e8ge la Chaussonni\u00e8re \u00e0 Avranches <span class=\"has-inline-color has-vivid-cyan-blue-color\"><strong>[~ 15.3 km]<\/strong><\/span><\/td><\/tr><\/tbody><\/table><figcaption>Cliquez sur le nom des villes ci-dessous pour acc\u00e9der aux d\u00e9tails des \u00e9tablissements<\/figcaption><\/figure>\n\n\n\n<section id=\"section-7b100e24-e5ee-44f6-aa2f-2617642b7f7c\" class=\"wp-block-gutentor-tabs gutentor-section gutentor-tabs-wrapper tabs-template2 wow fadeIn has-gutentor-overlay animated tab-vertical\" data-wow-animation=\"fadeIn\" data-wow-delay=\"\" data-wow-speed=\"\" data-wow-iteration=\"1\"><div class=\"grid-container\"><div class=\"gutentor-tabs-container gutentor-grid-item-wrap wow animated rotateIn\" data-wow-animation=\"rotateIn\" data-wow-delay=\"\" data-wow-speed=\"\" data-wow-iteration=\"1\"><div class=\"gutentor-tabs tablist-center\"><span class=\"gutentor-tabs-list gutentor-single-item-0 gutentor-tab-active\" data-index=\"gutentor-single-item-0\"><div class=\"gutentor-single-item-tabs gutentor-single-item\"><em>D\u00e9tails par ville<\/em><\/div><\/span><span class=\"gutentor-tabs-list gutentor-single-item-1\" data-index=\"gutentor-single-item-1\"><div class=\"gutentor-single-item-tabs gutentor-single-item\"><strong>Br\u00e9cey<\/strong><\/div><\/span><span class=\"gutentor-tabs-list gutentor-single-item-2\" data-index=\"gutentor-single-item-2\"><div class=\"gutentor-single-item-tabs gutentor-single-item\"><strong><strong>Villedieu-les-Po\u00eales<\/strong><\/strong><\/div><\/span><span class=\"gutentor-tabs-list gutentor-single-item-3\" data-index=\"gutentor-single-item-3\"><div class=\"gutentor-single-item-tabs gutentor-single-item\"><strong>Avranches<\/strong><\/div><\/span><\/div><div class=\"gutentor-tabs-content-wrap text-left\"><div class=\"gutentor-single-item gutentor-tabs-content gutentor-single-item-0 gutentor-tab-content-active\"><div class=\"gutentor-single-item-tabs gutentor-single-item\"><div class=\"gutentor-single-item-content\"><p><img loading=\"lazy\" width=\"1500\" height=\"1500\" class=\"wp-image-447\" style=\"width: 300px;\" src=\"https:\/\/www.notre-dame-de-livoye.fr\/wp-content\/uploads\/2020\/05\/Sans-titre-2.png\" alt=\"\"><\/p><\/div><\/div><\/div><div class=\"gutentor-single-item gutentor-tabs-content gutentor-single-item-1\"><div class=\"gutentor-single-item-tabs gutentor-single-item\"><div class=\"gutentor-single-item-content\"><p><strong>Adresse:<\/strong><br>Rue du Fonteny<br>50370 Br\u00e9cey<br><strong><br>T\u00e9l\u00e9phone:<\/strong> 02 33 89 65 80<strong><br>E-mail:<\/strong> ce.0501302u@ac-caen.fr<br><strong><br>Site Internet:<\/strong> n.c.<br><br><strong>Acad\u00e9mie en charge:<\/strong> Caen<br><strong>Zone scolaire:<\/strong> Zone A<br><br><strong>R\u00e9seau d&#8217;\u00e9ducation prioritaire (REP):<\/strong> <span class=\"has-inline-color has-vivid-red-color\">Non<\/span><br><strong>R\u00e9seau d&#8217;\u00e9ducation prioritaire renforc\u00e9 (REP+):<\/strong> <span class=\"has-inline-color has-vivid-red-color\">Non<\/span><br><br><strong>Pr\u00e9sence d&#8217;un internat dans le coll\u00e8ge<\/strong>: <span class=\"has-inline-color has-vivid-green-cyan-color\">Oui<\/span><br><strong>Pr\u00e9sence d&#8217;une Unit\u00e9 localis\u00e9e pour l&#8217;inclusion scolaire (Ulis): <\/strong><span class=\"has-inline-color has-vivid-red-color\">Non<\/span><strong><br>Pr\u00e9sence d&#8217;une section sportive: <\/strong><span class=\"has-inline-color has-vivid-green-cyan-color\">Oui<\/span><strong><br>Pr\u00e9sence d&#8217;une section europ\u00e9enne ou de langue orientale: <\/strong><span class=\"has-inline-color has-vivid-green-cyan-color\">Oui<\/span><strong><br>Pr\u00e9sence d&#8217;une section internationale: <\/strong><span class=\"has-inline-color has-vivid-red-color\">Non<\/span><\/p><\/div><\/div><\/div><div class=\"gutentor-single-item gutentor-tabs-content gutentor-single-item-2\"><div class=\"gutentor-single-item-tabs gutentor-single-item\"><div class=\"gutentor-single-item-content\"><p><strong>Adresse:<\/strong><br>25 rue des Ecoles<br>BP 53<br>50800 Villedieu-les-Po\u00eales<br><strong><br>T\u00e9l\u00e9phone:<\/strong> 02 33 91 08 08<strong><br>E-mail:<\/strong> ce.0500123m@ac-caen.fr<br><strong><br>Site Internet:<\/strong> <a href=\"http:\/\/www.stjoseph-villedieu.fr\/\" target=\"_blank\" rel=\"noreferrer noopener\">http:\/\/www.stjoseph-villedieu.fr\/<\/a><br><br><strong>Acad\u00e9mie en charge:<\/strong> Caen<br><strong>Zone scolaire:<\/strong> Zone A<br><br><strong>R\u00e9seau d&#8217;\u00e9ducation prioritaire (REP):<\/strong> <span class=\"has-inline-color has-vivid-red-color\">Non<\/span><br><strong>R\u00e9seau d&#8217;\u00e9ducation prioritaire renforc\u00e9 (REP+):<\/strong> <span class=\"has-inline-color has-vivid-red-color\">Non<\/span><br><br><strong>Pr\u00e9sence d&#8217;un internat dans le coll\u00e8ge<\/strong>: <span class=\"has-inline-color has-vivid-green-cyan-color\">Oui<\/span><br><strong>Pr\u00e9sence d&#8217;une Unit\u00e9 localis\u00e9e pour l&#8217;inclusion scolaire (Ulis): <\/strong><span class=\"has-inline-color has-vivid-red-color\">Non<\/span><strong><br>Pr\u00e9sence d&#8217;une section sportive: <\/strong><span class=\"has-inline-color has-vivid-red-color\">Non<\/span><strong><br>Pr\u00e9sence d&#8217;une section europ\u00e9enne ou de langue orientale: <\/strong><span class=\"has-inline-color has-vivid-green-cyan-color\">Oui<\/span><strong><br>Pr\u00e9sence d&#8217;une section internationale: <\/strong><span class=\"has-inline-color has-vivid-red-color\">Non<\/span><\/p><\/div><\/div><\/div><div class=\"gutentor-single-item gutentor-tabs-content gutentor-single-item-3\"><div class=\"gutentor-single-item-tabs gutentor-single-item\"><div class=\"gutentor-single-item-content\"><p><strong>Adresse:<\/strong><br>36 rue Jean de Vittel<br>BP 337<br>50300 Avranches<br><strong><br>T\u00e9l\u00e9phone:<\/strong> 02 33 48 63 32<strong><br>E-mail:<\/strong> ce.0501525l@ac-caen.fr<br><strong><br>Site Internet:<\/strong> <a href=\"https:\/\/college-la-chaussonniere.etab.ac-caen.fr\/\"><a href=\"https:\/\/college-la-chaussonniere.etab.ac-caen.fr\/\">https:\/\/college-la-chaussonniere.etab.ac-caen.fr\/<\/a><\/a><br><br><strong>Acad\u00e9mie en charge:<\/strong> Caen<br><strong>Zone scolaire:<\/strong> Zone A<br><br><strong>R\u00e9seau d&#8217;\u00e9ducation prioritaire (REP):<\/strong> <span class=\"has-inline-color has-vivid-red-color\">Non<\/span><br><strong>R\u00e9seau d&#8217;\u00e9ducation prioritaire renforc\u00e9 (REP+):<\/strong> <span class=\"has-inline-color has-vivid-red-color\">Non<\/span><br><br><strong>Pr\u00e9sence d&#8217;un internat dans le coll\u00e8ge<\/strong>: <span class=\"has-inline-color has-vivid-red-color\">Non<\/span><br><strong>Pr\u00e9sence d&#8217;une Unit\u00e9 localis\u00e9e pour l&#8217;inclusion scolaire (Ulis): <\/strong><span class=\"has-inline-color has-vivid-red-color\">Non<\/span><strong><br>Pr\u00e9sence d&#8217;une section sportive: <\/strong><span class=\"has-inline-color has-vivid-green-cyan-color\">Oui<\/span><strong><br>Pr\u00e9sence d&#8217;une section europ\u00e9enne ou de langue orientale: <\/strong><span class=\"has-inline-color has-vivid-green-cyan-color\">Oui<\/span><strong><br>Pr\u00e9sence d&#8217;une section internationale: <\/strong><span class=\"has-inline-color has-vivid-red-color\">Non<\/span><\/p><\/div><\/div><\/div><\/div><\/div><\/div><\/section>\n\n\n\n<p><\/p>\n","protected":false},"excerpt":{"rendered":"<p>Notre Dame de Livoye ne disposant pas d&#8217;\u00e9tablissement scolaire, vous trouverez ci-dessous, la liste des \u00e9tablissements les plus proches de votre commune Liste des coll\u00e8ges pr\u00e8s de Notre-Dame-de-Livoye Coll\u00e8ge Pierre Aguiton \u00e0 Br\u00e9cey [~ 4.3 km]Coll\u00e8ge Saint-Joseph \u00e0 Villedieu-les-Po\u00eales [~ 13.8 km]Coll\u00e8ge la Chaussonni\u00e8re \u00e0 Avranches [~ 15.3 km] Cliquez sur le nom des villes ci-dessous pour acc\u00e9der aux d\u00e9tails des \u00e9tablissements<\/p>\n","protected":false},"author":1,"featured_media":0,"parent":0,"menu_order":0,"comment_status":"open","ping_status":"closed","template":"","meta":[],"yoast_head":"<!-- This site is optimized with the Yoast SEO plugin v16.9 - https:\/\/yoast.com\/wordpress\/plugins\/seo\/ -->\n<title>Coll\u00e8ge - Notre Dame de Livoye<\/title>\n<meta name=\"description\" content=\"Site officiel de la commune de Notre Dame de Livoye\" \/>\n<meta name=\"robots\" content=\"index, follow, max-snippet:-1, max-image-preview:large, max-video-preview:-1\" \/>\n<link rel=\"canonical\" href=\"https:\/\/www.notre-dame-de-livoye.fr\/index.php\/college\/\" \/>\n<meta property=\"og:locale\" content=\"fr_FR\" \/>\n<meta property=\"og:type\" content=\"article\" \/>\n<meta property=\"og:title\" content=\"Coll\u00e8ge - Notre Dame de Livoye\" \/>\n<meta property=\"og:description\" content=\"Site officiel de la commune de Notre Dame de Livoye\" \/>\n<meta property=\"og:url\" content=\"https:\/\/www.notre-dame-de-livoye.fr\/index.php\/college\/\" \/>\n<meta property=\"og:site_name\" content=\"Notre Dame de Livoye\" \/>\n<meta property=\"article:modified_time\" content=\"2021-01-12T19:34:34+00:00\" \/>\n<meta property=\"og:image\" content=\"https:\/\/www.notre-dame-de-livoye.fr\/wp-content\/uploads\/2020\/05\/Sans-titre-2.png\" \/>\n<meta name=\"twitter:card\" content=\"summary_large_image\" \/>\n<meta name=\"twitter:label1\" content=\"Dur\u00e9e de lecture est.\" \/>\n\t<meta name=\"twitter:data1\" content=\"1 minute\" \/>\n<script type=\"application\/ld+json\" class=\"yoast-schema-graph\">{\"@context\":\"https:\/\/schema.org\",\"@graph\":[{\"@type\":\"Organization\",\"@id\":\"https:\/\/www.notre-dame-de-livoye.fr\/#organization\",\"name\":\"Commune de Notre Dame de Livoye\",\"url\":\"https:\/\/www.notre-dame-de-livoye.fr\/\",\"sameAs\":[],\"logo\":{\"@type\":\"ImageObject\",\"@id\":\"https:\/\/www.notre-dame-de-livoye.fr\/#logo\",\"inLanguage\":\"fr-FR\",\"url\":\"https:\/\/www.notre-dame-de-livoye.fr\/wp-content\/uploads\/2020\/05\/Sans-titre-3.png\",\"contentUrl\":\"https:\/\/www.notre-dame-de-livoye.fr\/wp-content\/uploads\/2020\/05\/Sans-titre-3.png\",\"width\":512,\"height\":512,\"caption\":\"Commune de Notre Dame de Livoye\"},\"image\":{\"@id\":\"https:\/\/www.notre-dame-de-livoye.fr\/#logo\"}},{\"@type\":\"WebSite\",\"@id\":\"https:\/\/www.notre-dame-de-livoye.fr\/#website\",\"url\":\"https:\/\/www.notre-dame-de-livoye.fr\/\",\"name\":\"Notre Dame de Livoye\",\"description\":\"Site officiel de la commune\",\"publisher\":{\"@id\":\"https:\/\/www.notre-dame-de-livoye.fr\/#organization\"},\"potentialAction\":[{\"@type\":\"SearchAction\",\"target\":{\"@type\":\"EntryPoint\",\"urlTemplate\":\"https:\/\/www.notre-dame-de-livoye.fr\/?s={search_term_string}\"},\"query-input\":\"required name=search_term_string\"}],\"inLanguage\":\"fr-FR\"},{\"@type\":\"ImageObject\",\"@id\":\"https:\/\/www.notre-dame-de-livoye.fr\/index.php\/college\/#primaryimage\",\"inLanguage\":\"fr-FR\",\"url\":\"https:\/\/www.notre-dame-de-livoye.fr\/wp-content\/uploads\/2020\/05\/Sans-titre-2.png\",\"contentUrl\":\"https:\/\/www.notre-dame-de-livoye.fr\/wp-content\/uploads\/2020\/05\/Sans-titre-2.png\",\"width\":1500,\"height\":1500},{\"@type\":\"WebPage\",\"@id\":\"https:\/\/www.notre-dame-de-livoye.fr\/index.php\/college\/#webpage\",\"url\":\"https:\/\/www.notre-dame-de-livoye.fr\/index.php\/college\/\",\"name\":\"Coll\\u00e8ge - Notre Dame de Livoye\",\"isPartOf\":{\"@id\":\"https:\/\/www.notre-dame-de-livoye.fr\/#website\"},\"primaryImageOfPage\":{\"@id\":\"https:\/\/www.notre-dame-de-livoye.fr\/index.php\/college\/#primaryimage\"},\"datePublished\":\"2020-06-16T09:28:45+00:00\",\"dateModified\":\"2021-01-12T19:34:34+00:00\",\"description\":\"Site officiel de la commune de Notre Dame de Livoye\",\"breadcrumb\":{\"@id\":\"https:\/\/www.notre-dame-de-livoye.fr\/index.php\/college\/#breadcrumb\"},\"inLanguage\":\"fr-FR\",\"potentialAction\":[{\"@type\":\"ReadAction\",\"target\":[\"https:\/\/www.notre-dame-de-livoye.fr\/index.php\/college\/\"]}]},{\"@type\":\"BreadcrumbList\",\"@id\":\"https:\/\/www.notre-dame-de-livoye.fr\/index.php\/college\/#breadcrumb\",\"itemListElement\":[{\"@type\":\"ListItem\",\"position\":1,\"name\":\"Accueil\",\"item\":\"https:\/\/www.notre-dame-de-livoye.fr\/\"},{\"@type\":\"ListItem\",\"position\":2,\"name\":\"Coll\\u00e8ge\"}]}]}<\/script>\n<!-- \/ Yoast SEO plugin. -->","yoast_head_json":{"title":"Coll\u00e8ge - Notre Dame de Livoye","description":"Site officiel de la commune de Notre Dame de Livoye","robots":{"index":"index","follow":"follow","max-snippet":"max-snippet:-1","max-image-preview":"max-image-preview:large","max-video-preview":"max-video-preview:-1"},"canonical":"https:\/\/www.notre-dame-de-livoye.fr\/index.php\/college\/","og_locale":"fr_FR","og_type":"article","og_title":"Coll\u00e8ge - Notre Dame de Livoye","og_description":"Site officiel de la commune de Notre Dame de Livoye","og_url":"https:\/\/www.notre-dame-de-livoye.fr\/index.php\/college\/","og_site_name":"Notre Dame de Livoye","article_modified_time":"2021-01-12T19:34:34+00:00","og_image":[{"url":"https:\/\/www.notre-dame-de-livoye.fr\/wp-content\/uploads\/2020\/05\/Sans-titre-2.png"}],"twitter_card":"summary_large_image","twitter_misc":{"Dur\u00e9e de lecture est.":"1 minute"},"schema":{"@context":"https:\/\/schema.org","@graph":[{"@type":"Organization","@id":"https:\/\/www.notre-dame-de-livoye.fr\/#organization","name":"Commune de Notre Dame de Livoye","url":"https:\/\/www.notre-dame-de-livoye.fr\/","sameAs":[],"logo":{"@type":"ImageObject","@id":"https:\/\/www.notre-dame-de-livoye.fr\/#logo","inLanguage":"fr-FR","url":"https:\/\/www.notre-dame-de-livoye.fr\/wp-content\/uploads\/2020\/05\/Sans-titre-3.png","contentUrl":"https:\/\/www.notre-dame-de-livoye.fr\/wp-content\/uploads\/2020\/05\/Sans-titre-3.png","width":512,"height":512,"caption":"Commune de Notre Dame de Livoye"},"image":{"@id":"https:\/\/www.notre-dame-de-livoye.fr\/#logo"}},{"@type":"WebSite","@id":"https:\/\/www.notre-dame-de-livoye.fr\/#website","url":"https:\/\/www.notre-dame-de-livoye.fr\/","name":"Notre Dame de Livoye","description":"Site officiel de la commune","publisher":{"@id":"https:\/\/www.notre-dame-de-livoye.fr\/#organization"},"potentialAction":[{"@type":"SearchAction","target":{"@type":"EntryPoint","urlTemplate":"https:\/\/www.notre-dame-de-livoye.fr\/?s={search_term_string}"},"query-input":"required name=search_term_string"}],"inLanguage":"fr-FR"},{"@type":"ImageObject","@id":"https:\/\/www.notre-dame-de-livoye.fr\/index.php\/college\/#primaryimage","inLanguage":"fr-FR","url":"https:\/\/www.notre-dame-de-livoye.fr\/wp-content\/uploads\/2020\/05\/Sans-titre-2.png","contentUrl":"https:\/\/www.notre-dame-de-livoye.fr\/wp-content\/uploads\/2020\/05\/Sans-titre-2.png","width":1500,"height":1500},{"@type":"WebPage","@id":"https:\/\/www.notre-dame-de-livoye.fr\/index.php\/college\/#webpage","url":"https:\/\/www.notre-dame-de-livoye.fr\/index.php\/college\/","name":"Coll\u00e8ge - Notre Dame de Livoye","isPartOf":{"@id":"https:\/\/www.notre-dame-de-livoye.fr\/#website"},"primaryImageOfPage":{"@id":"https:\/\/www.notre-dame-de-livoye.fr\/index.php\/college\/#primaryimage"},"datePublished":"2020-06-16T09:28:45+00:00","dateModified":"2021-01-12T19:34:34+00:00","description":"Site officiel de la commune de Notre Dame de Livoye","breadcrumb":{"@id":"https:\/\/www.notre-dame-de-livoye.fr\/index.php\/college\/#breadcrumb"},"inLanguage":"fr-FR","potentialAction":[{"@type":"ReadAction","target":["https:\/\/www.notre-dame-de-livoye.fr\/index.php\/college\/"]}]},{"@type":"BreadcrumbList","@id":"https:\/\/www.notre-dame-de-livoye.fr\/index.php\/college\/#breadcrumb","itemListElement":[{"@type":"ListItem","position":1,"name":"Accueil","item":"https:\/\/www.notre-dame-de-livoye.fr\/"},{"@type":"ListItem","position":2,"name":"Coll\u00e8ge"}]}]}},"_links":{"self":[{"href":"https:\/\/www.notre-dame-de-livoye.fr\/index.php\/wp-json\/wp\/v2\/pages\/934"}],"collection":[{"href":"https:\/\/www.notre-dame-de-livoye.fr\/index.php\/wp-json\/wp\/v2\/pages"}],"about":[{"href":"https:\/\/www.notre-dame-de-livoye.fr\/index.php\/wp-json\/wp\/v2\/types\/page"}],"author":[{"embeddable":true,"href":"https:\/\/www.notre-dame-de-livoye.fr\/index.php\/wp-json\/wp\/v2\/users\/1"}],"replies":[{"embeddable":true,"href":"https:\/\/www.notre-dame-de-livoye.fr\/index.php\/wp-json\/wp\/v2\/comments?post=934"}],"version-history":[{"count":12,"href":"https:\/\/www.notre-dame-de-livoye.fr\/index.php\/wp-json\/wp\/v2\/pages\/934\/revisions"}],"predecessor-version":[{"id":1005,"href":"https:\/\/www.notre-dame-de-livoye.fr\/index.php\/wp-json\/wp\/v2\/pages\/934\/revisions\/1005"}],"wp:attachment":[{"href":"https:\/\/www.notre-dame-de-livoye.fr\/index.php\/wp-json\/wp\/v2\/media?parent=934"}],"curies":[{"name":"wp","href":"https:\/\/api.w.org\/{rel}","templated":true}]}}